{"id":2301,"date":"2024-05-22T11:12:24","date_gmt":"2024-05-22T09:12:24","guid":{"rendered":"https:\/\/centredesdeserts.com\/?page_id=2301"},"modified":"2026-03-19T09:39:12","modified_gmt":"2026-03-19T08:39:12","slug":"les-sejours-stages-seminaires","status":"publish","type":"page","link":"https:\/\/centredesdeserts.com\/index.php\/les-sejours-stages-seminaires\/","title":{"rendered":"Les s\u00e9jours &amp; stages &amp; s\u00e9minaires"},"content":{"rendered":"\n<p>Des stages sont propos\u00e9s par diff\u00e9rents intervenants, de fa\u00e7on r\u00e9guli\u00e8re ou ponctuelle. <\/p>\n\n\n\n<h2 class=\"wp-block-heading\">Stage Yoga et Symbolique des r\u00eaves &#8211; 19 au 23 ao\u00fbt 2026<\/h2>\n\n\n\n<div class=\"wp-block-columns is-layout-flex wp-container-core-columns-is-layout-9d6595d7 wp-block-columns-is-layout-flex\">\n<div class=\"wp-block-column is-layout-flow wp-block-column-is-layout-flow\">\n<figure data-wp-context=\"{&quot;imageId&quot;:&quot;69f4dfb515289&quot;}\" data-wp-interactive=\"core\/image\" data-wp-key=\"69f4dfb515289\" class=\"wp-block-image size-large wp-lightbox-container\"><img data-recalc-dims=\"1\" fetchpriority=\"high\" decoding=\"async\" width=\"750\" height=\"527\" data-wp-class--hide=\"state.isContentHidden\" data-wp-class--show=\"state.isContentVisible\" data-wp-init=\"callbacks.setButtonStyles\" data-wp-on--click=\"actions.showLightbox\" data-wp-on--load=\"callbacks.setButtonStyles\" data-wp-on-window--resize=\"callbacks.setButtonStyles\" src=\"https:\/\/i0.wp.com\/centredesdeserts.com\/wp-content\/uploads\/2026\/02\/Capture-decran-du-2026-02-16-11-20-28.png?resize=750%2C527&#038;ssl=1\" alt=\"\" class=\"wp-image-2380\" srcset=\"https:\/\/i0.wp.com\/centredesdeserts.com\/wp-content\/uploads\/2026\/02\/Capture-decran-du-2026-02-16-11-20-28.png?resize=1024%2C720&amp;ssl=1 1024w, https:\/\/i0.wp.com\/centredesdeserts.com\/wp-content\/uploads\/2026\/02\/Capture-decran-du-2026-02-16-11-20-28.png?resize=300%2C211&amp;ssl=1 300w, https:\/\/i0.wp.com\/centredesdeserts.com\/wp-content\/uploads\/2026\/02\/Capture-decran-du-2026-02-16-11-20-28.png?resize=768%2C540&amp;ssl=1 768w, https:\/\/i0.wp.com\/centredesdeserts.com\/wp-content\/uploads\/2026\/02\/Capture-decran-du-2026-02-16-11-20-28.png?w=1242&amp;ssl=1 1242w\" sizes=\"(max-width: 750px) 100vw, 750px\" \/><button\n\t\t\tclass=\"lightbox-trigger\"\n\t\t\ttype=\"button\"\n\t\t\taria-haspopup=\"dialog\"\n\t\t\taria-label=\"Agrandir\"\n\t\t\tdata-wp-init=\"callbacks.initTriggerButton\"\n\t\t\tdata-wp-on--click=\"actions.showLightbox\"\n\t\t\tdata-wp-style--right=\"state.imageButtonRight\"\n\t\t\tdata-wp-style--top=\"state.imageButtonTop\"\n\t\t>\n\t\t\t<svg xmlns=\"http:\/\/www.w3.org\/2000\/svg\" width=\"12\" height=\"12\" fill=\"none\" viewBox=\"0 0 12 12\">\n\t\t\t\t<path fill=\"#fff\" d=\"M2 0a2 2 0 0 0-2 2v2h1.5V2a.5.5 0 0 1 .5-.5h2V0H2Zm2 10.5H2a.5.5 0 0 1-.5-.5V8H0v2a2 2 0 0 0 2 2h2v-1.5ZM8 12v-1.5h2a.5.5 0 0 0 .5-.5V8H12v2a2 2 0 0 1-2 2H8Zm2-12a2 2 0 0 1 2 2v2h-1.5V2a.5.5 0 0 0-.5-.5H8V0h2Z\" \/>\n\t\t\t<\/svg>\n\t\t<\/button><\/figure>\n\n\n\n<p><a href=\"https:\/\/centredesdeserts.com\/wp-content\/uploads\/2026\/03\/@Accueillir-le-vivant-A4-1.pdf\" data-type=\"link\" data-id=\"https:\/\/centredesdeserts.com\/wp-content\/uploads\/2026\/03\/@Accueillir-le-vivant-A4-1.pdf\">Lien vers la plaquette de pr\u00e9sentation du stage <\/a><\/p>\n<\/div>\n\n\n\n<div class=\"wp-block-column is-layout-flow wp-block-column-is-layout-flow\">\n<figure data-wp-context=\"{&quot;imageId&quot;:&quot;69f4dfb515c00&quot;}\" data-wp-interactive=\"core\/image\" data-wp-key=\"69f4dfb515c00\" class=\"wp-block-image size-large wp-lightbox-container\"><img data-recalc-dims=\"1\" decoding=\"async\" width=\"750\" height=\"530\" data-wp-class--hide=\"state.isContentHidden\" data-wp-class--show=\"state.isContentVisible\" data-wp-init=\"callbacks.setButtonStyles\" data-wp-on--click=\"actions.showLightbox\" data-wp-on--load=\"callbacks.setButtonStyles\" data-wp-on-window--resize=\"callbacks.setButtonStyles\" src=\"https:\/\/i0.wp.com\/centredesdeserts.com\/wp-content\/uploads\/2026\/02\/Capture-decran-du-2026-02-16-11-21-28.png?resize=750%2C530&#038;ssl=1\" alt=\"\" class=\"wp-image-2381\" srcset=\"https:\/\/i0.wp.com\/centredesdeserts.com\/wp-content\/uploads\/2026\/02\/Capture-decran-du-2026-02-16-11-21-28.png?resize=1024%2C723&amp;ssl=1 1024w, https:\/\/i0.wp.com\/centredesdeserts.com\/wp-content\/uploads\/2026\/02\/Capture-decran-du-2026-02-16-11-21-28.png?resize=300%2C212&amp;ssl=1 300w, https:\/\/i0.wp.com\/centredesdeserts.com\/wp-content\/uploads\/2026\/02\/Capture-decran-du-2026-02-16-11-21-28.png?resize=768%2C542&amp;ssl=1 768w, https:\/\/i0.wp.com\/centredesdeserts.com\/wp-content\/uploads\/2026\/02\/Capture-decran-du-2026-02-16-11-21-28.png?w=1289&amp;ssl=1 1289w\" sizes=\"(max-width: 750px) 100vw, 750px\" \/><button\n\t\t\tclass=\"lightbox-trigger\"\n\t\t\ttype=\"button\"\n\t\t\taria-haspopup=\"dialog\"\n\t\t\taria-label=\"Agrandir\"\n\t\t\tdata-wp-init=\"callbacks.initTriggerButton\"\n\t\t\tdata-wp-on--click=\"actions.showLightbox\"\n\t\t\tdata-wp-style--right=\"state.imageButtonRight\"\n\t\t\tdata-wp-style--top=\"state.imageButtonTop\"\n\t\t>\n\t\t\t<svg xmlns=\"http:\/\/www.w3.org\/2000\/svg\" width=\"12\" height=\"12\" fill=\"none\" viewBox=\"0 0 12 12\">\n\t\t\t\t<path fill=\"#fff\" d=\"M2 0a2 2 0 0 0-2 2v2h1.5V2a.5.5 0 0 1 .5-.5h2V0H2Zm2 10.5H2a.5.5 0 0 1-.5-.5V8H0v2a2 2 0 0 0 2 2h2v-1.5ZM8 12v-1.5h2a.5.5 0 0 0 .5-.5V8H12v2a2 2 0 0 1-2 2H8Zm2-12a2 2 0 0 1 2 2v2h-1.5V2a.5.5 0 0 0-.5-.5H8V0h2Z\" \/>\n\t\t\t<\/svg>\n\t\t<\/button><\/figure>\n\n\n\n<p><\/p>\n<\/div>\n<\/div>\n\n\n\n<p><\/p>\n\n\n\n<div class=\"wp-block-columns is-layout-flex wp-container-core-columns-is-layout-9d6595d7 wp-block-columns-is-layout-flex\">\n<div class=\"wp-block-column is-layout-flow wp-block-column-is-layout-flow\">\n<h2 class=\"wp-block-heading\">Les Esprits de la Nature<\/h2>\n\n\n\n<p><a href=\"https:\/\/www.medecinesymbolique.com\/blog\/events\/les-esprits-de-la-nature-ete-2024-rose-et-gilles\/\" target=\"_blank\" rel=\"noreferrer noopener\">Les esprits de la nature, avec Rose et Gilles GANDY<\/a><\/p>\n\n\n\n<p><strong>Partez \u00e0 la rencontre de l&rsquo;invisible, qui a tant \u00e0 nous apprendre sur nous-m\u00eame, si on l\u2019interroge !<\/strong><\/p>\n<\/div>\n\n\n\n<div class=\"wp-block-column is-layout-flow wp-block-column-is-layout-flow\">\n<figure class=\"wp-block-image size-full\"><img data-recalc-dims=\"1\" decoding=\"async\" width=\"750\" height=\"422\" src=\"https:\/\/i0.wp.com\/centredesdeserts.com\/wp-content\/uploads\/2025\/01\/Les-esprits-de-la-nature-2025-1024x576-1.jpg?resize=750%2C422&#038;ssl=1\" alt=\"\" class=\"wp-image-2324\" srcset=\"https:\/\/i0.wp.com\/centredesdeserts.com\/wp-content\/uploads\/2025\/01\/Les-esprits-de-la-nature-2025-1024x576-1.jpg?w=1024&amp;ssl=1 1024w, https:\/\/i0.wp.com\/centredesdeserts.com\/wp-content\/uploads\/2025\/01\/Les-esprits-de-la-nature-2025-1024x576-1.jpg?resize=300%2C169&amp;ssl=1 300w, https:\/\/i0.wp.com\/centredesdeserts.com\/wp-content\/uploads\/2025\/01\/Les-esprits-de-la-nature-2025-1024x576-1.jpg?resize=768%2C432&amp;ssl=1 768w\" sizes=\"(max-width: 750px) 100vw, 750px\" \/><\/figure>\n<\/div>\n<\/div>\n\n\n\n<div class=\"wp-block-columns is-layout-flex wp-container-core-columns-is-layout-9d6595d7 wp-block-columns-is-layout-flex\">\n<div class=\"wp-block-column is-layout-flow wp-block-column-is-layout-flow\">\n<figure class=\"wp-block-image size-full\"><img data-recalc-dims=\"1\" loading=\"lazy\" decoding=\"async\" width=\"750\" height=\"408\" src=\"https:\/\/i0.wp.com\/centredesdeserts.com\/wp-content\/uploads\/2025\/01\/stages_au_nom_du_pere.jpg?resize=750%2C408&#038;ssl=1\" alt=\"\" class=\"wp-image-2325\" srcset=\"https:\/\/i0.wp.com\/centredesdeserts.com\/wp-content\/uploads\/2025\/01\/stages_au_nom_du_pere.jpg?w=900&amp;ssl=1 900w, https:\/\/i0.wp.com\/centredesdeserts.com\/wp-content\/uploads\/2025\/01\/stages_au_nom_du_pere.jpg?resize=300%2C163&amp;ssl=1 300w, https:\/\/i0.wp.com\/centredesdeserts.com\/wp-content\/uploads\/2025\/01\/stages_au_nom_du_pere.jpg?resize=768%2C417&amp;ssl=1 768w\" sizes=\"(max-width: 750px) 100vw, 750px\" \/><\/figure>\n<\/div>\n\n\n\n<div class=\"wp-block-column is-layout-flow wp-block-column-is-layout-flow\">\n<h2 class=\"wp-block-heading\">Stage Masculin &amp; F\u00e9minin<\/h2>\n\n\n\n<p><a href=\"https:\/\/www.medecinesymbolique.com\/stages\/jolies-sorcieres\/\" target=\"_blank\" rel=\"noreferrer noopener\">\u00ab\u00a0Jolies Sorci\u00e8res\u00a0\u00bb avec Rose Gandy<\/a><\/p>\n\n\n\n<p><a href=\"https:\/\/www.medecinesymbolique.com\/stages\/nom-du-pere\/\" target=\"_blank\" rel=\"noreferrer noopener\">\u00ab\u00a0Le Nom du P\u00e8re\u00a0\u00bb avec Gilles Gandy<\/a><\/p>\n<\/div>\n<\/div>\n\n\n\n<div class=\"wp-block-columns is-layout-flex wp-container-core-columns-is-layout-9d6595d7 wp-block-columns-is-layout-flex\">\n<div class=\"wp-block-column is-layout-flow wp-block-column-is-layout-flow\">\n<h2 class=\"wp-block-heading\">Stage Tantra &amp; Conscience<\/h2>\n\n\n\n<p><a href=\"https:\/\/tantra-conscience.fr\/\" data-type=\"link\" data-id=\"https:\/\/tantra-conscience.fr\/\" target=\"_blank\" rel=\"noreferrer noopener\">Agenda et inscriptions aupr\u00e8s de Nicole et Alain <\/a><\/p>\n<\/div>\n\n\n\n<div class=\"wp-block-column is-layout-flow wp-block-column-is-layout-flow\">\n<figure class=\"wp-block-image size-large\"><img data-recalc-dims=\"1\" loading=\"lazy\" decoding=\"async\" width=\"750\" height=\"353\" src=\"https:\/\/i0.wp.com\/centredesdeserts.com\/wp-content\/uploads\/2026\/02\/Capture-decran-du-2026-02-16-11-43-21.png?resize=750%2C353&#038;ssl=1\" alt=\"\" class=\"wp-image-2384\" srcset=\"https:\/\/i0.wp.com\/centredesdeserts.com\/wp-content\/uploads\/2026\/02\/Capture-decran-du-2026-02-16-11-43-21.png?resize=1024%2C482&amp;ssl=1 1024w, https:\/\/i0.wp.com\/centredesdeserts.com\/wp-content\/uploads\/2026\/02\/Capture-decran-du-2026-02-16-11-43-21.png?resize=300%2C141&amp;ssl=1 300w, https:\/\/i0.wp.com\/centredesdeserts.com\/wp-content\/uploads\/2026\/02\/Capture-decran-du-2026-02-16-11-43-21.png?resize=768%2C362&amp;ssl=1 768w, https:\/\/i0.wp.com\/centredesdeserts.com\/wp-content\/uploads\/2026\/02\/Capture-decran-du-2026-02-16-11-43-21.png?w=1049&amp;ssl=1 1049w\" sizes=\"(max-width: 750px) 100vw, 750px\" \/><\/figure>\n<\/div>\n<\/div>\n\n\n\n<p><\/p>\n","protected":false},"excerpt":{"rendered":"<p>Des stages sont propos\u00e9s par diff\u00e9rents intervenants, de fa\u00e7on r\u00e9guli\u00e8re ou ponctuelle. Stage Yoga et Symbolique des r\u00eaves &#8211; 19 au 23 ao\u00fbt 2026 Lien vers la plaquette de pr\u00e9sentation du stage Les Esprits de la Nature Les esprits de la nature, avec Rose et Gilles GANDY Partez \u00e0 la rencontre de l&rsquo;invisible, qui a [&hellip;]<\/p>\n","protected":false},"author":2,"featured_media":0,"parent":0,"menu_order":0,"comment_status":"closed","ping_status":"closed","template":"","meta":{"footnotes":""},"tags":[],"class_list":["post-2301","page","type-page","status-publish","hentry"],"jetpack_sharing_enabled":true,"_links":{"self":[{"href":"https:\/\/centredesdeserts.com\/index.php\/wp-json\/wp\/v2\/pages\/2301","targetHints":{"allow":["GET"]}}],"collection":[{"href":"https:\/\/centredesdeserts.com\/index.php\/wp-json\/wp\/v2\/pages"}],"about":[{"href":"https:\/\/centredesdeserts.com\/index.php\/wp-json\/wp\/v2\/types\/page"}],"author":[{"embeddable":true,"href":"https:\/\/centredesdeserts.com\/index.php\/wp-json\/wp\/v2\/users\/2"}],"replies":[{"embeddable":true,"href":"https:\/\/centredesdeserts.com\/index.php\/wp-json\/wp\/v2\/comments?post=2301"}],"version-history":[{"count":10,"href":"https:\/\/centredesdeserts.com\/index.php\/wp-json\/wp\/v2\/pages\/2301\/revisions"}],"predecessor-version":[{"id":2395,"href":"https:\/\/centredesdeserts.com\/index.php\/wp-json\/wp\/v2\/pages\/2301\/revisions\/2395"}],"wp:attachment":[{"href":"https:\/\/centredesdeserts.com\/index.php\/wp-json\/wp\/v2\/media?parent=2301"}],"wp:term":[{"taxonomy":"post_tag","embeddable":true,"href":"https:\/\/centredesdeserts.com\/index.php\/wp-json\/wp\/v2\/tags?post=2301"}],"curies":[{"name":"wp","href":"https:\/\/api.w.org\/{rel}","templated":true}]}}

Les séjours &amp; stages &amp; séminaires

<p>Des stages sont proposés par différents intervenants, de façon régulière ou ponctuelle. </p>



<h2 class="wp-block-heading">Stage Yoga et Symbolique des rêves &#8211; 19 au 23 août 2026</h2>



<div class="wp-block-columns is-layout-flex wp-container-core-columns-is-layout-9d6595d7 wp-block-columns-is-layout-flex">
<div class="wp-block-column is-layout-flow wp-block-column-is-layout-flow">
<figure data-wp-context="{&quot;imageId&quot;:&quot;69f4dfb515289&quot;}" data-wp-interactive="core/image" data-wp-key="69f4dfb515289" class="wp-block-image size-large wp-lightbox-container"><img data-recalc-dims="1" fetchpriority="high" decoding="async" width="750" height="527" data-wp-class--hide="state.isContentHidden" data-wp-class--show="state.isContentVisible" data-wp-init="callbacks.setButtonStyles" data-wp-on--click="actions.showLightbox" data-wp-on--load="callbacks.setButtonStyles" data-wp-on-window--resize="callbacks.setButtonStyles" src="https://i0.wp.com/centredesdeserts.com/wp-content/uploads/2026/02/Capture-decran-du-2026-02-16-11-20-28.png?resize=750%2C527&#038;ssl=1" alt="" class="wp-image-2380" srcset="https://i0.wp.com/centredesdeserts.com/wp-content/uploads/2026/02/Capture-decran-du-2026-02-16-11-20-28.png?resize=1024%2C720&amp;ssl=1 1024w, https://i0.wp.com/centredesdeserts.com/wp-content/uploads/2026/02/Capture-decran-du-2026-02-16-11-20-28.png?resize=300%2C211&amp;ssl=1 300w, https://i0.wp.com/centredesdeserts.com/wp-content/uploads/2026/02/Capture-decran-du-2026-02-16-11-20-28.png?resize=768%2C540&amp;ssl=1 768w, https://i0.wp.com/centredesdeserts.com/wp-content/uploads/2026/02/Capture-decran-du-2026-02-16-11-20-28.png?w=1242&amp;ssl=1 1242w" sizes="(max-width: 750px) 100vw, 750px" /><button
			class="lightbox-trigger"
			type="button"
			aria-haspopup="dialog"
			aria-label="Agrandir"
			data-wp-init="callbacks.initTriggerButton"
			data-wp-on--click="actions.showLightbox"
			data-wp-style--right="state.imageButtonRight"
			data-wp-style--top="state.imageButtonTop"
		>
			<svg xmlns="http://www.w3.org/2000/svg" width="12" height="12" fill="none" viewBox="0 0 12 12">
				<path fill="#fff" d="M2 0a2 2 0 0 0-2 2v2h1.5V2a.5.5 0 0 1 .5-.5h2V0H2Zm2 10.5H2a.5.5 0 0 1-.5-.5V8H0v2a2 2 0 0 0 2 2h2v-1.5ZM8 12v-1.5h2a.5.5 0 0 0 .5-.5V8H12v2a2 2 0 0 1-2 2H8Zm2-12a2 2 0 0 1 2 2v2h-1.5V2a.5.5 0 0 0-.5-.5H8V0h2Z" />
			</svg>
		</button></figure>



<p><a href="https://centredesdeserts.com/wp-content/uploads/2026/03/@Accueillir-le-vivant-A4-1.pdf" data-type="link" data-id="https://centredesdeserts.com/wp-content/uploads/2026/03/@Accueillir-le-vivant-A4-1.pdf">Lien vers la plaquette de présentation du stage </a></p>
</div>



<div class="wp-block-column is-layout-flow wp-block-column-is-layout-flow">
<figure data-wp-context="{&quot;imageId&quot;:&quot;69f4dfb515c00&quot;}" data-wp-interactive="core/image" data-wp-key="69f4dfb515c00" class="wp-block-image size-large wp-lightbox-container"><img data-recalc-dims="1" decoding="async" width="750" height="530" data-wp-class--hide="state.isContentHidden" data-wp-class--show="state.isContentVisible" data-wp-init="callbacks.setButtonStyles" data-wp-on--click="actions.showLightbox" data-wp-on--load="callbacks.setButtonStyles" data-wp-on-window--resize="callbacks.setButtonStyles" src="https://i0.wp.com/centredesdeserts.com/wp-content/uploads/2026/02/Capture-decran-du-2026-02-16-11-21-28.png?resize=750%2C530&#038;ssl=1" alt="" class="wp-image-2381" srcset="https://i0.wp.com/centredesdeserts.com/wp-content/uploads/2026/02/Capture-decran-du-2026-02-16-11-21-28.png?resize=1024%2C723&amp;ssl=1 1024w, https://i0.wp.com/centredesdeserts.com/wp-content/uploads/2026/02/Capture-decran-du-2026-02-16-11-21-28.png?resize=300%2C212&amp;ssl=1 300w, https://i0.wp.com/centredesdeserts.com/wp-content/uploads/2026/02/Capture-decran-du-2026-02-16-11-21-28.png?resize=768%2C542&amp;ssl=1 768w, https://i0.wp.com/centredesdeserts.com/wp-content/uploads/2026/02/Capture-decran-du-2026-02-16-11-21-28.png?w=1289&amp;ssl=1 1289w" sizes="(max-width: 750px) 100vw, 750px" /><button
			class="lightbox-trigger"
			type="button"
			aria-haspopup="dialog"
			aria-label="Agrandir"
			data-wp-init="callbacks.initTriggerButton"
			data-wp-on--click="actions.showLightbox"
			data-wp-style--right="state.imageButtonRight"
			data-wp-style--top="state.imageButtonTop"
		>
			<svg xmlns="http://www.w3.org/2000/svg" width="12" height="12" fill="none" viewBox="0 0 12 12">
				<path fill="#fff" d="M2 0a2 2 0 0 0-2 2v2h1.5V2a.5.5 0 0 1 .5-.5h2V0H2Zm2 10.5H2a.5.5 0 0 1-.5-.5V8H0v2a2 2 0 0 0 2 2h2v-1.5ZM8 12v-1.5h2a.5.5 0 0 0 .5-.5V8H12v2a2 2 0 0 1-2 2H8Zm2-12a2 2 0 0 1 2 2v2h-1.5V2a.5.5 0 0 0-.5-.5H8V0h2Z" />
			</svg>
		</button></figure>



<p></p>
</div>
</div>



<p></p>



<div class="wp-block-columns is-layout-flex wp-container-core-columns-is-layout-9d6595d7 wp-block-columns-is-layout-flex">
<div class="wp-block-column is-layout-flow wp-block-column-is-layout-flow">
<h2 class="wp-block-heading">Les Esprits de la Nature</h2>



<p><a href="https://www.medecinesymbolique.com/blog/events/les-esprits-de-la-nature-ete-2024-rose-et-gilles/" target="_blank" rel="noreferrer noopener">Les esprits de la nature, avec Rose et Gilles GANDY</a></p>



<p><strong>Partez à la rencontre de l&rsquo;invisible, qui a tant à nous apprendre sur nous-même, si on l’interroge !</strong></p>
</div>



<div class="wp-block-column is-layout-flow wp-block-column-is-layout-flow">
<figure class="wp-block-image size-full"><img data-recalc-dims="1" decoding="async" width="750" height="422" src="https://i0.wp.com/centredesdeserts.com/wp-content/uploads/2025/01/Les-esprits-de-la-nature-2025-1024x576-1.jpg?resize=750%2C422&#038;ssl=1" alt="" class="wp-image-2324" srcset="https://i0.wp.com/centredesdeserts.com/wp-content/uploads/2025/01/Les-esprits-de-la-nature-2025-1024x576-1.jpg?w=1024&amp;ssl=1 1024w, https://i0.wp.com/centredesdeserts.com/wp-content/uploads/2025/01/Les-esprits-de-la-nature-2025-1024x576-1.jpg?resize=300%2C169&amp;ssl=1 300w, https://i0.wp.com/centredesdeserts.com/wp-content/uploads/2025/01/Les-esprits-de-la-nature-2025-1024x576-1.jpg?resize=768%2C432&amp;ssl=1 768w" sizes="(max-width: 750px) 100vw, 750px" /></figure>
</div>
</div>



<div class="wp-block-columns is-layout-flex wp-container-core-columns-is-layout-9d6595d7 wp-block-columns-is-layout-flex">
<div class="wp-block-column is-layout-flow wp-block-column-is-layout-flow">
<figure class="wp-block-image size-full"><img data-recalc-dims="1" loading="lazy" decoding="async" width="750" height="408" src="https://i0.wp.com/centredesdeserts.com/wp-content/uploads/2025/01/stages_au_nom_du_pere.jpg?resize=750%2C408&#038;ssl=1" alt="" class="wp-image-2325" srcset="https://i0.wp.com/centredesdeserts.com/wp-content/uploads/2025/01/stages_au_nom_du_pere.jpg?w=900&amp;ssl=1 900w, https://i0.wp.com/centredesdeserts.com/wp-content/uploads/2025/01/stages_au_nom_du_pere.jpg?resize=300%2C163&amp;ssl=1 300w, https://i0.wp.com/centredesdeserts.com/wp-content/uploads/2025/01/stages_au_nom_du_pere.jpg?resize=768%2C417&amp;ssl=1 768w" sizes="(max-width: 750px) 100vw, 750px" /></figure>
</div>



<div class="wp-block-column is-layout-flow wp-block-column-is-layout-flow">
<h2 class="wp-block-heading">Stage Masculin &amp; Féminin</h2>



<p><a href="https://www.medecinesymbolique.com/stages/jolies-sorcieres/" target="_blank" rel="noreferrer noopener">« Jolies Sorcières » avec Rose Gandy</a></p>



<p><a href="https://www.medecinesymbolique.com/stages/nom-du-pere/" target="_blank" rel="noreferrer noopener">« Le Nom du Père » avec Gilles Gandy</a></p>
</div>
</div>



<div class="wp-block-columns is-layout-flex wp-container-core-columns-is-layout-9d6595d7 wp-block-columns-is-layout-flex">
<div class="wp-block-column is-layout-flow wp-block-column-is-layout-flow">
<h2 class="wp-block-heading">Stage Tantra &amp; Conscience</h2>



<p><a href="https://tantra-conscience.fr/" data-type="link" data-id="https://tantra-conscience.fr/" target="_blank" rel="noreferrer noopener">Agenda et inscriptions auprès de Nicole et Alain </a></p>
</div>



<div class="wp-block-column is-layout-flow wp-block-column-is-layout-flow">
<figure class="wp-block-image size-large"><img data-recalc-dims="1" loading="lazy" decoding="async" width="750" height="353" src="https://i0.wp.com/centredesdeserts.com/wp-content/uploads/2026/02/Capture-decran-du-2026-02-16-11-43-21.png?resize=750%2C353&#038;ssl=1" alt="" class="wp-image-2384" srcset="https://i0.wp.com/centredesdeserts.com/wp-content/uploads/2026/02/Capture-decran-du-2026-02-16-11-43-21.png?resize=1024%2C482&amp;ssl=1 1024w, https://i0.wp.com/centredesdeserts.com/wp-content/uploads/2026/02/Capture-decran-du-2026-02-16-11-43-21.png?resize=300%2C141&amp;ssl=1 300w, https://i0.wp.com/centredesdeserts.com/wp-content/uploads/2026/02/Capture-decran-du-2026-02-16-11-43-21.png?resize=768%2C362&amp;ssl=1 768w, https://i0.wp.com/centredesdeserts.com/wp-content/uploads/2026/02/Capture-decran-du-2026-02-16-11-43-21.png?w=1049&amp;ssl=1 1049w" sizes="(max-width: 750px) 100vw, 750px" /></figure>
</div>
</div>



<p></p>

<p>Des stages sont proposés par différents intervenants, de façon régulière ou ponctuelle. Stage Yoga et Symbolique des rêves &#8211; 19 au 23 août 2026 Lien vers la plaquette de présentation du stage Les Esprits de la Nature Les esprits de la nature, avec Rose et Gilles GANDY Partez à la rencontre de l&rsquo;invisible, qui a [&hellip;]</p>
